 -3*d + 8. Let w be x(-6). Calculate the greatest common factor of a and w.
26
Suppose 7*r = -14*r + 1008. Calculate the highest common divisor of r and 16.
16
Let j(g) = -g - 2. Let m be j(-4). Suppose -2*v = -4*i - 8, v - 3*i = 2*i + 10. Suppose v = -6*p + p + 40. What is the highest common divisor of m and p?
2
Let r(x) = -101*x + 838. Let a be r(8). Calculate the greatest common factor of 170 and a.
10
Suppose -b + 3 = -2*b. Let d be 1/(-2)*(-9 - b). Let z = d - 0. What is the greatest common factor of 15 and z?
3
Let v(i) = -i**2 - 26*i - 4. Let d be v(-24). Let w be ((-11)/d)/(178/(-88) + 2). Calculate the greatest common divisor of 11 and w.
11
Let n = -1630 + 1750. What is the greatest common divisor of n and 375?
15
Let o(p) = p - 30. Let v be o(11). Let s = v + 27. Calculate the greatest common factor of s and 16.
8
Let i be ((-216)/63)/(4/(-14)). Let u be -4*(9/i)/(-1). Let y be 187 - u*(3 - 4). What is the greatest common factor of 19 and y?
19
Let w(i) = -5*i + 4. Let t be w(3). Let r be (-2)/t - 6/33. Suppose r = 3*h - h - 18. Calculate the greatest common factor of 9 and h.
9
Suppose 5*j - 50 = -3*l, -2*l - 11 = -j - 27. Let x = -130 + 59. Let u = 181 + x. What is the greatest common factor of l and u?
10
Let s = 151 - 135. What is the greatest common divisor of s and 128?
16
Let a be 2 + 5/((-5)/(-306)). Let p(d) = d**2 + 14*d + 13. Let w be p(-15). What is the highest common divisor of w and a?
28
Let t(k) = 7*k + 20. Let u(n) = n. Let d(v) = t(v) - 6*u(v). Let g be d(-14). What is the highest common factor of 18 and g?
6
Let h(p) be the third derivative of p**5/20 + p**4/12 - p**3/6 + p**2. Let a be h(1). Let k = -72 + 104. What is the greatest common factor of k and a?
4
Let y = 34 + -31. Suppose 3*m + 2*o + 96 + 148 = 0, 3 = y*o. Let a = m + 124. What is the greatest common divisor of 6 and a?
6
Suppose 4*r + 15 = 7*r. Suppose -r = 4*c - 4*d - 21, c = 2*d. Suppose 0 = -c*i + 3*i + 30. Calculate the greatest common factor of 30 and i.
6
Suppose 0 = -3*o - 15, -9*y + 10*y - 3*o = 15. Suppose -4*w = -3*f + 89 + 204, y = -4*f + 2*w + 384. Calculate the highest common divisor of 57 and f.
19
Let k(f) = f**3 - 2*f**2 - 4. Let l be k(4). Suppose 5*h = m + 18, h + h = -3*m + 14. Calculate the highest common factor of l and h.
4
Suppose -g = 2*g - 228. Suppose 5*l - 186 = -q, l + 2*q - g = -l. Let s = l - 21. Calculate the greatest common divisor of s and 2.
2
Suppose 75 = 3*n - 51. Let i = n - -21. What is the highest common divisor of i and 9?
9
Suppose 12 = 5*i - 2*n - 23, -n = -i + 10. Suppose 5*d = 4*w + 2*d - 54, 58 = 4*w - i*d. Calculate the greatest common factor of w and 12.
12
Let j be 788/8 - ((-54)/12 + 5). Let z be (41/4 - -2)*4. Calculate the greatest common divisor of z and j.
49
Let c(u) = u**2 - 8*u - 13. Let f be c(12). Suppose 3*h + 61 = 277. Let m be 14/(-35) - h/(-5). What is the greatest common factor of f and m?
7
Suppose -9*x + 13 = -149. Calculate the greatest common factor of x and 48.
6
Let g be (-4 - 0) + (-60)/(-10). What is the greatest common divisor of 2 and g?
2
Let f(o) = o**3 + 3*o**2 - 3*o - 4. Let i be f(-4). Let w be i + 6/2 + -3. Let m be (12/w)/(9/(-24)). What is the greatest common factor of 1 and m?
1
Let r(u) = 6*u**3 + 3*u**2 - 6*u + 4. Let i be r(1). What is the highest common factor of i and 112?
7
Let f(r) = -r**3 - 19*r**2 - 4*r + 22. Let q be f(-19). Calculate the highest common divisor of 245 and q.
49
Suppose -15 + 3 = -12*x. Let r be 3*x/2*28/14. Calculate the greatest common divisor of 24 and r.
3
Let r(k) = 3*k**2 - 3*k + 4. Let j be r(2). Suppose 2*a - j = c - 5*c, -5*c = -5*a - 50. What is the greatest common factor of 1 and c?
1
Suppose m + 4*x - 4 = 3*x, 0 = -3*x. Suppose -w + s - 5 = 4*s, 0 = -2*w + m*s + 40. Calculate the greatest common factor of w and 90.
10
Suppose -5*o + 283 + 32 = 0. Suppose -q = 4*q + 4*i - 27, 0 = 3*q + i - 19. What is the greatest common factor of q and o?
7
Let m(z) = z**2 - 12*z + 13. Let q be m(-14). Calculate the highest common divisor of q and 29.
29
Suppose -5*s = 2*j + 12, 0 - 12 = 3*s. What is the greatest common factor of 26 and j?
2
Let j = 22 - 3. Let f(w) = 17*w + 4. Suppose -4*r - 11 = -19. Let x be f(r). Calculate the greatest common divisor of x and j.
19
Let q be -1 - (-4 + 2) - -7. Suppose 7*w - 4*w + 9 = 0. Let u = w + q. What is the greatest common factor of u and 15?
5
Suppose -48 = -8*b + 11*b. Let t(v) = -v**2 - 16*v + 14. Let f be t(b). What is the highest common divisor of 56 and f?
14
Let g = 1530 - 1494. Let y(a) = a**3 - 3*a**2 - 3*a - 3. Let n be y(4). Let l(t) = 13*t - 1. Let o be l(n). What is the greatest common factor of o and g?
12
Suppose 2*s = 7*s - 65. Let c = s - 9. Suppose y + 4 = 2*y. Calculate the greatest common divisor of y and c.
4
Let c(l) = 8*l + 26. Let y be c(9). Calculate the greatest common divisor of 1 and y.
1
Suppose -4*l + 17 + 111 = 0. Suppose -6*u - 73 = -2185. Calculate the greatest common factor of l and u.
32
Suppose 14*h - 2593 + 465 = 0. What is the highest common factor of h and 38?
38
Suppose -2*o - 4*p + 36 = 3*o, -2*p = -2*o. Calculate the greatest common divisor of 68 and o.
4
Let n(q) = 129*q**3 - q**2 + q - 1. Let u be n(1). Let p be (3 - (-4 + 3)) + u. Suppose 3*r = 2*r + p. Calculate the greatest common divisor of r and 12.
12
Suppose 0 = 4*a + 5*n - 1067 - 272, 4*a - 3*n - 1347 = 0. What is the greatest common factor of a and 126?
42
Let a be 230 + -1 - 9/3. Suppose 3*t - 4*w - a - 384 = 0, -4*t - 2*w = -784. Calculate the greatest common factor of 18 and t.
18
Let l(u) = 10*u - 2. Suppose 4*i = 5*x + 28, -4*x + 7 = i + x. Let h be l(i). Let s = -23 + 40. Calculate the highest common factor of s and h.
17
Let s = 59 - 33. Suppose -2*h + h - 5*p = -28, 2*h = 3*p - 9. Suppose 453 = 2*r + h*u, 2*u = -4 - 6. What is the highest common factor of r and s?
26
Let n be ((-4)/10)/((-1)/5). Let b = -40 - -45. Let y be (2 + b/(-3))*252/21. What is the greatest common factor of n and y?
2
Suppose 3*u - 13 = 416. Let w be 13 + (-2)/3*(-9)/(-3). What is the greatest common divisor of u and w?
11
Let s = -135 + 165. Calculate the highest common divisor of s and 15.
15
Let z be (3 - -1)/((-5)/(-70)). Suppose 2*x = -0*x + 2. Let f be x/((-1)/(-6)) - -1. Calculate the highest common factor of z and f.
7
Let t(y) = -y**3 - 3*y**2 - 13*y - 59. Let k be t(-5). What is the greatest common factor of 35 and k?
7
Let u be 10/(-35) - 3040/(-56). Calculate the greatest common factor of u and 243.
27
Suppose -3*w = 4*y - 41, 2*y - 11 = 2*w - 1. Calculate the highest common factor of 36 and y.
4
Let w = 115 + 321. Suppose 3*r - 92 = w. What is the highest common factor of r and 16?
16
Let s = 27 + -25. Let g be 1448/(-52) + s/(-13). Let w be (-7)/(g/16) + 6. Calculate the greatest common divisor of 25 and w.
5
Suppose 0 = -11*g + 6*g + 25. Suppose 5*j + 2*t - 214 = 0, 4*t + 41 = g*j - 161. What is the greatest common factor of j and 14?
14
Suppose 0 = -3*s + 2*s. Suppose 0 = -s*o - 5*o + 15. Let p(c) = 3*c**3 - c - 1. Let l be p(o). What is the greatest common factor of l and 11?
11
Let p = -1765 + 2258. Calculate the greatest common factor of 34 and p.
17
Let k(r) = r**2 - 11*r - 17. Let i be k(15). What is the greatest common divisor of i and 215?
43
Let f(k) = -k**2 + 18*k - 16. Let z be f(16). Suppose z*w - 115 = 11*w. What is the greatest common factor of w and 161?
23
Suppose 40 = 3*x + t - 9, 5*x - 80 = -2*t. Let d = -10150 + 10240. What is the highest common divisor of d and x?
18
Let b = 25 - 25. Suppose b = 6*t - 11*t + 60. What is the highest common divisor of 48 and t?
12
Let m be (-15222)/903*(-35)/2. Calculate the greatest common divisor of m and 354.
59
Let u = 2225 - 2165. Calculate the highest common divisor of u and 4020.
60
Suppose -365 = -4*h + 3*r, -2*h + 278 = h + 2*r. Suppose -5*q + h = -8. What is the greatest common factor of 220 and q?
20
Let m = 465 + -171. Suppose 19*r - 5*r - m = 0. Calculate the greatest common divisor of 168 and r.
21
Let g = 2 + 2. Suppose 205 = 5*a - g*d - 82, 3*a - 153 = -4*d. Suppose -2*o + 5*h + 17 = -o, 2*h - 2 = 0. Calculate the greatest common factor of a and o.
11
Let l = -47 - -61. Let w = 504 - 149. Let v = -201 + w. Calculate the highest common 